{"id":298,"date":"2023-02-01T13:00:16","date_gmt":"2023-02-01T12:00:16","guid":{"rendered":"https:\/\/preview.dynaorth.de\/wp_HoriaTest\/?page_id=298"},"modified":"2023-07-31T23:13:35","modified_gmt":"2023-07-31T21:13:35","slug":"autismusspektrumstoerung","status":"publish","type":"page","link":"https:\/\/dr-saulean.de\/index.php\/autismusspektrumstoerung\/","title":{"rendered":"Autismusspektrumst\u00f6rung"},"content":{"rendered":"<p>[et_pb_section fb_built=&#8220;1&#8243; _builder_version=&#8220;4.19.2&#8243; _module_preset=&#8220;default&#8220; custom_padding=&#8220;4px||18px|||&#8220; global_colors_info=&#8220;{}&#8220;][et_pb_row _builder_version=&#8220;4.19.2&#8243; _module_preset=&#8220;default&#8220; custom_padding=&#8220;||9px|||&#8220; global_colors_info=&#8220;{}&#8220;][et_pb_column type=&#8220;4_4&#8243; _builder_version=&#8220;4.19.2&#8243; _module_preset=&#8220;default&#8220; global_colors_info=&#8220;{}&#8220;][et_pb_cta title=&#8220;Autismusspektrumst\u00f6rung&#8220; button_text=&#8220;Klicks&#8220; _builder_version=&#8220;4.19.4&#8243; _module_preset=&#8220;default&#8220; global_colors_info=&#8220;{}&#8220;][\/et_pb_cta][\/et_pb_column][\/et_pb_row][et_pb_row column_structure=&#8220;1_2,1_2&#8243; use_custom_gutter=&#8220;on&#8220; make_equal=&#8220;on&#8220; _builder_version=&#8220;4.19.4&#8243; _module_preset=&#8220;default&#8220; custom_margin=&#8220;-3px|auto||auto||&#8220; locked=&#8220;off&#8220; global_colors_info=&#8220;{}&#8220;][et_pb_column type=&#8220;1_2&#8243; _builder_version=&#8220;4.19.2&#8243; _module_preset=&#8220;default&#8220; global_colors_info=&#8220;{}&#8220;][et_pb_blurb title=&#8220;Diagostik&#8220; image_icon_background_color=&#8220;RGBA(255,255,255,0)&#8220; image_icon_width=&#8220;58px&#8220; _builder_version=&#8220;4.19.4&#8243; _module_preset=&#8220;default&#8220; header_text_color=&#8220;#00859B&#8220; global_colors_info=&#8220;{}&#8220;]<\/p>\n<p><strong>Qualitative Beeintr\u00e4chtigung: Soziale Interaktion<\/strong><\/p>\n<ul>\n<li style=\"list-style-type: none;\">\n<ul>\n<li>nonverbales Verhalten (Blickkontakt, Mimik, Gestik)<\/li>\n<li>Kontaktverhalten, soziale Motivation<\/li>\n<li>Empathie und Einordnen sozialer Signale<\/li>\n<li>Mangel an geteilter Freude\/sozioemotionaler Gegenseitigkeit<\/li>\n<\/ul>\n<\/li>\n<\/ul>\n<p><strong>Qualitative Beeintr\u00e4chtigung: Kommunikation<\/strong><\/p>\n<ul>\n<li style=\"list-style-type: none;\">\n<ul>\n<li>Intonation, Sprechweise<\/li>\n<li>wechselseitige Kommunikation<\/li>\n<li>Sprachverst\u00e4ndnis<\/li>\n<li>Verst\u00e4ndnis sozialer Regeln der Kommunikation<\/li>\n<li>Spielverhalten<\/li>\n<\/ul>\n<\/li>\n<\/ul>\n<p><strong>Begrenzte, repetitive und stereotype Verhaltensweisen, Interessen und Aktivit\u00e4ten<\/strong><\/p>\n<ul>\n<li>Ver\u00e4nderungs\u00e4ngste\/Zw\u00e4nge\/Rituale<\/li>\n<li>Motorik<\/li>\n<li>Sonderinteressen, ungew\u00f6hnliche Besch\u00e4ftigungen<\/li>\n<\/ul>\n<p>[\/et_pb_blurb][\/et_pb_column][et_pb_column type=&#8220;1_2&#8243; _builder_version=&#8220;4.19.2&#8243; _module_preset=&#8220;default&#8220; global_colors_info=&#8220;{}&#8220;][et_pb_blurb title=&#8220;Therapie&#8220; image_icon_background_color=&#8220;RGBA(255,255,255,0)&#8220; image_icon_width=&#8220;58px&#8220; _builder_version=&#8220;4.21.0&#8243; _module_preset=&#8220;default&#8220; header_text_color=&#8220;#00859B&#8220; hover_enabled=&#8220;0&#8243; global_colors_info=&#8220;{}&#8220; sticky_enabled=&#8220;0&#8243;]<\/p>\n<p><strong>Autismusspektrumst\u00f6rung &#8211; Training sozialer Fertigkeiten, einzeln und in einer Gruppe. Ziele:\u00a0<\/strong><\/p>\n<ul>\n<li style=\"list-style-type: none;\">\n<ul>\n<li>Kontakte zu Gleichaltrigen zu kn\u00fcpfen und aufrechtzuerhalten<\/li>\n<li>W\u00fcnsche, Bed\u00fcrfnisse und Gef\u00fchle anderer ad\u00e4quat wahrzunehmen und zu ber\u00fccksichtigen<\/li>\n<li>die eigenen Gef\u00fchle nicht zu vernachl\u00e4ssigen<\/li>\n<\/ul>\n<\/li>\n<\/ul>\n<p>Inhalte der Stunden sind z.B. Gef\u00fchle, Selbst- und Fremdwahrnehmung, Beziehungsaufbau- und Gestaltung, W\u00fcnsche und Bed\u00fcrfnisse \u00e4u\u00dfern, Beziehungen und Freundschaften pflegen, Konfliktmanagement.<\/p>\n<p>Eine intensive Elternarbeit ist ein wichtiger Baustein des Trainings.<\/p>\n<p>Oft leiden Menschen mit Autismus unter einer Beeintr\u00e4chtigung des Sechsten Sinns, wie man die F\u00e4higkeit zur sozio-kommunikativen Interaktion nennt. Eine Beeintr\u00e4chtigung im sozialen und kommunikativen Bereich \u00e4u\u00dfert sich dahingehend, dass Menschen mit Autismus Hilfe in folgenden Bereichen ben\u00f6tigen:<\/p>\n<ul>\n<li style=\"list-style-type: none;\">\n<ul>\n<li>Sich mit anderen unterhalten<\/li>\n<li>Regeln folgen, sich abwechseln<\/li>\n<li>Herausfinden, wie sich jemand f\u00fchlt<\/li>\n<li>Wissen, warum Menschen tun, was sie tun<\/li>\n<li>An Gruppenspielen oder anderen Gruppenaktivit\u00e4ten teilnehmen<\/li>\n<li>Freunde finden.<\/li>\n<\/ul>\n<\/li>\n<\/ul>\n<p><strong>Begrenzte, repetitive und stereotype Verhaltensweisen, Interessen und Aktivit\u00e4ten<\/strong><\/p>\n<ul>\n<li>Ver\u00e4nderungs\u00e4ngste\/Zw\u00e4nge\/Rituale<\/li>\n<li>Motorik<\/li>\n<li>Sonderinteressen, ungew\u00f6hnliche Besch\u00e4ftigungen<\/li>\n<\/ul>\n<p>Dieser Ansatz bezieht sich auf Gruppenangebote mit dem Ziel, soziale Situationen f\u00fcr die Betroffenen bedeutsam zu machen, um angemessene Strategien zu erwerben.<\/p>\n<p>[\/et_pb_blurb][\/et_pb_column][\/et_pb_row][et_pb_row use_custom_gutter=&#8220;on&#8220; make_equal=&#8220;on&#8220; _builder_version=&#8220;4.19.2&#8243; _module_preset=&#8220;default&#8220; global_colors_info=&#8220;{}&#8220;][et_pb_column type=&#8220;4_4&#8243; _builder_version=&#8220;4.19.2&#8243; _module_preset=&#8220;default&#8220; global_colors_info=&#8220;{}&#8220;][et_pb_button button_url=&#8220;@ET-DC@eyJkeW5hbWljIjp0cnVlLCJjb250ZW50IjoicG9zdF9saW5rX3VybF9wYWdlIiwic2V0dGluZ3MiOnsicG9zdF9pZCI6IjYifX0=@&#8220; button_text=&#8220;Zur\u00fcck&#8220; button_alignment=&#8220;center&#8220; _builder_version=&#8220;4.19.4&#8243; _dynamic_attributes=&#8220;button_url&#8220; _module_preset=&#8220;default&#8220; custom_button=&#8220;on&#8220; button_text_color=&#8220;#00859B&#8220; global_colors_info=&#8220;{}&#8220;][\/et_pb_button][\/et_pb_column][\/et_pb_row][\/et_pb_section]<\/p>\n","protected":false},"excerpt":{"rendered":"<p>Qualitative Beeintr\u00e4chtigung: Soziale Interaktion nonverbales Verhalten (Blickkontakt, Mimik, Gestik) Kontaktverhalten, soziale Motivation Empathie und Einordnen sozialer Signale Mangel an geteilter Freude\/sozioemotionaler Gegenseitigkeit Qualitative Beeintr\u00e4chtigung: Kommunikation Intonation, Sprechweise wechselseitige Kommunikation Sprachverst\u00e4ndnis Verst\u00e4ndnis sozialer Regeln der Kommunikation Spielverhalten Begrenzte, repetitive und stereotype Verhaltensweisen, Interessen und Aktivit\u00e4ten Ver\u00e4nderungs\u00e4ngste\/Zw\u00e4nge\/Rituale Motorik Sonderinteressen, ungew\u00f6hnliche Besch\u00e4ftigungen Autismusspektrumst\u00f6rung &#8211; Training sozialer Fertigkeiten, einzeln [&hellip;]<\/p>\n","protected":false},"author":1,"featured_media":0,"parent":0,"menu_order":0,"comment_status":"closed","ping_status":"closed","template":"","meta":{"_et_pb_use_builder":"on","_et_pb_old_content":"","_et_gb_content_width":"","footnotes":""},"class_list":["post-298","page","type-page","status-publish","hentry"],"_links":{"self":[{"href":"https:\/\/dr-saulean.de\/index.php\/wp-json\/wp\/v2\/pages\/298","targetHints":{"allow":["GET"]}}],"collection":[{"href":"https:\/\/dr-saulean.de\/index.php\/wp-json\/wp\/v2\/pages"}],"about":[{"href":"https:\/\/dr-saulean.de\/index.php\/wp-json\/wp\/v2\/types\/page"}],"author":[{"embeddable":true,"href":"https:\/\/dr-saulean.de\/index.php\/wp-json\/wp\/v2\/users\/1"}],"replies":[{"embeddable":true,"href":"https:\/\/dr-saulean.de\/index.php\/wp-json\/wp\/v2\/comments?post=298"}],"version-history":[{"count":4,"href":"https:\/\/dr-saulean.de\/index.php\/wp-json\/wp\/v2\/pages\/298\/revisions"}],"predecessor-version":[{"id":597,"href":"https:\/\/dr-saulean.de\/index.php\/wp-json\/wp\/v2\/pages\/298\/revisions\/597"}],"wp:attachment":[{"href":"https:\/\/dr-saulean.de\/index.php\/wp-json\/wp\/v2\/media?parent=298"}],"curies":[{"name":"wp","href":"https:\/\/api.w.org\/{rel}","templated":true}]}}