{"id":324,"date":"2023-02-02T07:55:12","date_gmt":"2023-02-02T06:55:12","guid":{"rendered":"https:\/\/preview.dynaorth.de\/wp_HoriaTest\/?page_id=324"},"modified":"2023-08-04T12:13:15","modified_gmt":"2023-08-04T10:13:15","slug":"klassische-psychiatrische-stoerungen-und-erkrankungen","status":"publish","type":"page","link":"https:\/\/dr-saulean.de\/index.php\/klassische-psychiatrische-stoerungen-und-erkrankungen\/","title":{"rendered":"Klassische psychiatrische St\u00f6rungen und Erkrankungen"},"content":{"rendered":"<p>[et_pb_section fb_built=&#8220;1&#8243; _builder_version=&#8220;4.19.2&#8243; _module_preset=&#8220;default&#8220; custom_padding=&#8220;4px||18px|||&#8220; global_colors_info=&#8220;{}&#8220;][et_pb_row _builder_version=&#8220;4.19.2&#8243; _module_preset=&#8220;default&#8220; custom_padding=&#8220;||9px|||&#8220; global_colors_info=&#8220;{}&#8220;][et_pb_column type=&#8220;4_4&#8243; _builder_version=&#8220;4.19.2&#8243; _module_preset=&#8220;default&#8220; global_colors_info=&#8220;{}&#8220;][et_pb_cta title=&#8220;Klassische psychiatrische St\u00f6rungs- und Krankheitsbilder &#8220; button_text=&#8220;Klicks&#8220; _builder_version=&#8220;4.19.4&#8243; _module_preset=&#8220;default&#8220; global_colors_info=&#8220;{}&#8220;]<\/p>\n<p style=\"margin: 0cm; background: white; vertical-align: baseline;\"><span style=\"font-size: 10.5pt; font-family: 'Open Sans',sans-serif; color: #666666;\">verstehen wir als ein dynamisches Geschehen unserer Bew\u00e4ltigungsstrategien in der Auseinandersetzung mit unserer sozialen Umwelt.<o:p><\/o:p><\/span><\/p>\n<p>[\/et_pb_cta][\/et_pb_column][\/et_pb_row][et_pb_row use_custom_gutter=&#8220;on&#8220; make_equal=&#8220;on&#8220; _builder_version=&#8220;4.19.4&#8243; _module_preset=&#8220;default&#8220; custom_margin=&#8220;-3px|auto||auto||&#8220; locked=&#8220;off&#8220; global_colors_info=&#8220;{}&#8220;][et_pb_column type=&#8220;4_4&#8243; _builder_version=&#8220;4.19.2&#8243; _module_preset=&#8220;default&#8220; global_colors_info=&#8220;{}&#8220;][et_pb_blurb image_icon_background_color=&#8220;RGBA(255,255,255,0)&#8220; image_icon_width=&#8220;58px&#8220; _builder_version=&#8220;4.21.0&#8243; _module_preset=&#8220;default&#8220; header_text_color=&#8220;#00859B&#8220; custom_padding=&#8220;4px|||||&#8220; global_colors_info=&#8220;{}&#8220;]<\/p>\n<p>&nbsp;<\/p>\n<p><span style=\"color: #00859b;\"><strong>Struktur<\/strong><\/span><\/p>\n<p>Wir werden als Menschen mit gemeinsamen Anlagen (Struktur) aber unterschiedlichen Auspr\u00e4gungen geboren. L\u00e4nge, Kraft, Intelligenz, Konzentration, soziale F\u00e4higkeiten u.v.m sind zwar individuell vorgepr\u00e4gt, entwickeln sich durch die Umst\u00e4nde unseres Lebens (Familie, sozialer Status, Bildung und Umgebung, Kultur) harmonisch oder werden\u00a0 gehemmt.<br \/>Daraus k\u00f6nnen sich in der Auseinandersetzung mit der Umwelt <em>&#8222;Konfliktdiagnosen<\/em>\u201c entwickeln oder sich als Vereinseitigungen unseres Seelenlebens, wie Intelligenzminderungen, Aufmerksamkeitsst\u00f6rungen, Autismus, Bindungs- und Pers\u00f6nlichkeitsst\u00f6rungen verfestigen, als sogenannte <strong>&#8222;Strukturdiagnosen&#8220;<\/strong>.<\/p>\n<p><span style=\"color: #00859b;\"><strong>Konflikt<\/strong><\/span><\/p>\n<p>Mit unserer\u00a0<em>Struktur<\/em> m\u00fcssen wir uns mit den t\u00e4glichen Umst\u00e4nden (schulische Leistung, Freundschaft, Partnerschaft, Berufsausbildung und -leben), \u201eVersuchungen\u201c von Genu\u00df- und Rauschmitteln, materiellen G\u00fctern und neuerdings Medien, Konflikten mit Eltern oder Gleichaltrigen auseinandersetzen.<br \/>So entstehen \u201e<strong>Konfliktdiagnosen<\/strong>\u201c wie: St\u00f6rung der schulischen Fertigkeiten (Lese -Rechtschreibschw\u00e4che, Rechenst\u00f6rung), des Sozialverhaltens, der Impulskontrolle, der sexuellen Identit\u00e4t, Missbrauch und Abh\u00e4ngigkeit von Substanzen oder digitalen Welten und Kommunikation. Es droht eine Verh\u00e4rtung und Rigidit\u00e4t unserer Verhaltensmuster, die zum <em>Zustand<\/em>\u00a0werden.<\/p>\n<p><span style=\"color: #00859b;\"><strong>Zustand<\/strong><\/span><\/p>\n<p>Wir versuchen die Herausforderungen unseres Lebensalltags zu meistern, indem wir uns verschiedene Bew\u00e4ltigungsstrategien aneignen. Meistens helfen diese, das Neue und Unbekannte in unserem Leben zu integrieren und dadurch eine neue F\u00e4higkeit zu erlernen. Manchmal jedoch \u00fcberw\u00e4ltigt uns die Situation und unsere bis jetzt gelernten Strategien versagen. Dysfunktionale Muster werden zur Gewohnheit. (siehe <em>&#8222;Konfliktdiagnosen<\/em>&#8222;)<br \/>Zum Beispiel: Vermeidung mindert kurzzeitig die <strong>Angst,<\/strong> die aufkommt, wenn uns Neues begegnet, doch wird sie zur \u201eHauptstrategie\u201c, hemmt sie unsere\u00a0 Entwicklung. Es kann weiter sein, dass wiederum eine \u201eneue L\u00f6sung\u201c gefunden wird, wobei durch Ordnung, Kontrolle oder \u201eRituale\u201c Angst gebannt und gebunden wird. Es entstehen <strong>Zw\u00e4nge<\/strong>.<br \/>Oder es w\u00e4chst uns alles \u00fcber den Kopf und als eine m\u00f6gliche L\u00f6sung drosseln wir unsere Lebensenergie bis zur Leere und L\u00e4hmung, <strong>Depression<\/strong>\u00a0entsteht.<br \/>Eine andere dysfunktionale L\u00f6sungsm\u00f6glichkeit k\u00f6nnte das Durchbrechen aller Bindungen und bisherigen Verpflichtungen sein. Das Gef\u00fchl der so erlebten \u201eunbegrenzten Freiheit\u201c sprengt unseren Lebensrahmen und steigert sich zur <strong>Manie<\/strong>.<br \/><strong>Psychose, Pers\u00f6nlichkeitsst\u00f6rungen, S\u00fcchte<\/strong>\u00a0u. \u00c4. sind weitere misslungene Versuche, mit zu gro\u00df gewordenen Schwierigkeiten des Lebens fertig zu werden.<\/p>\n<p><span style=\"color: #00859b;\"><strong>Die Therapie<\/strong><\/span><\/p>\n<p>Es gibt mehrere Formen der Therapie: mit Schwerpunkt auf verbale Interventionen oder \u00c4nderung der Gewohnheiten, Er\u00fcben von Achtsamkeit und Akzeptanz, Entwicklung von neuen Fertigkeiten, durch Bewegung (Heileurythmie, Tanz) oder k\u00fcnstlerisches Schaffen (Malen, Plastizieren) Ausdruck von Bed\u00fcrfnissen erm\u00f6glichen und so neue, angemessene Bew\u00e4ltigungsstrategien entwickeln.<\/p>\n<p>&nbsp;<\/p>\n<p>[\/et_pb_blurb][et_pb_button button_url=&#8220;@ET-DC@eyJkeW5hbWljIjp0cnVlLCJjb250ZW50IjoicG9zdF9saW5rX3VybF9wYWdlIiwic2V0dGluZ3MiOnsicG9zdF9pZCI6IjYifX0=@&#8220; button_text=&#8220;Zur\u00fcck&#8220; button_alignment=&#8220;center&#8220; _builder_version=&#8220;4.19.4&#8243; _dynamic_attributes=&#8220;button_url&#8220; _module_preset=&#8220;default&#8220; custom_button=&#8220;on&#8220; button_text_color=&#8220;#00859B&#8220; global_colors_info=&#8220;{}&#8220;][\/et_pb_button][\/et_pb_column][\/et_pb_row][\/et_pb_section]<\/p>\n","protected":false},"excerpt":{"rendered":"<p>verstehen wir als ein dynamisches Geschehen unserer Bew\u00e4ltigungsstrategien in der Auseinandersetzung mit unserer sozialen Umwelt.&nbsp; Struktur Wir werden als Menschen mit gemeinsamen Anlagen (Struktur) aber unterschiedlichen Auspr\u00e4gungen geboren. L\u00e4nge, Kraft, Intelligenz, Konzentration, soziale F\u00e4higkeiten u.v.m sind zwar individuell vorgepr\u00e4gt, entwickeln sich durch die Umst\u00e4nde unseres Lebens (Familie, sozialer Status, Bildung und Umgebung, Kultur) harmonisch oder [&hellip;]<\/p>\n","protected":false},"author":1,"featured_media":0,"parent":0,"menu_order":0,"comment_status":"closed","ping_status":"closed","template":"","meta":{"_et_pb_use_builder":"on","_et_pb_old_content":"","_et_gb_content_width":"","footnotes":""},"class_list":["post-324","page","type-page","status-publish","hentry"],"_links":{"self":[{"href":"https:\/\/dr-saulean.de\/index.php\/wp-json\/wp\/v2\/pages\/324","targetHints":{"allow":["GET"]}}],"collection":[{"href":"https:\/\/dr-saulean.de\/index.php\/wp-json\/wp\/v2\/pages"}],"about":[{"href":"https:\/\/dr-saulean.de\/index.php\/wp-json\/wp\/v2\/types\/page"}],"author":[{"embeddable":true,"href":"https:\/\/dr-saulean.de\/index.php\/wp-json\/wp\/v2\/users\/1"}],"replies":[{"embeddable":true,"href":"https:\/\/dr-saulean.de\/index.php\/wp-json\/wp\/v2\/comments?post=324"}],"version-history":[{"count":6,"href":"https:\/\/dr-saulean.de\/index.php\/wp-json\/wp\/v2\/pages\/324\/revisions"}],"predecessor-version":[{"id":617,"href":"https:\/\/dr-saulean.de\/index.php\/wp-json\/wp\/v2\/pages\/324\/revisions\/617"}],"wp:attachment":[{"href":"https:\/\/dr-saulean.de\/index.php\/wp-json\/wp\/v2\/media?parent=324"}],"curies":[{"name":"wp","href":"https:\/\/api.w.org\/{rel}","templated":true}]}}